the units digit of 567646609?
9
What is the units digit of 71784610?
0
What is the hundreds digit of 50792560?
5
What is the thousands digit of 725093650?
3
What is the ten millions digit of 1265772476?
6
What is the units digit of 85684108?
8
What is the hundred thousands digit of 210707917?
7
What is the units digit of 33704179?
9
What is the hundred millions digit of 767291681?
7
What is the thousands digit of 30401827?
1
What is the hundred thousands digit of 35421036?
4
What is the hundred thousands digit of 6835503?
8
What is the ten millions digit of 2923964470?
2
What is the units digit of 20576618?
8
What is the millions digit of 1629670656?
9
What is the tens digit of 73163279?
7
What is the ten millions digit of 82725229?
8
What is the ten thousands digit of 632463469?
6
What is the hundreds digit of 2025611119?
1
What is the hundreds digit of 2656117685?
6
What is the hundreds digit of 2323934810?
8
What is the thousands digit of 2825695204?
5
What is the ten thousands digit of 348427410?
2
What is the hundred millions digit of 145577996?
1
What is the hundred thousands digit of 2100943098?
9
What is the tens digit of 200186752?
5
What is the thousands digit of 28147601?
7
What is the units digit of 766925673?
3
What is the tens digit of 95287044?
4
What is the ten thousands digit of 83796348?
9
What is the units digit of 177203346?
6
What is the millions digit of 2031298733?
1
What is the ten millions digit of 863689616?
6
What is the hundred thousands digit of 319787594?
7
What is the units digit of 188780379?
9
What is the thousands digit of 3141613748?
3
What is the ten thousands digit of 424411381?
1
What is the hundred millions digit of 937804362?
9
What is the millions digit of 1385287820?
5
What is the units digit of 758175818?
8
What is the units digit of 1833060739?
9
What is the hundred thousands digit of 1318022093?
0
What is the ten millions digit of 435890372?
3
What is the hundreds digit of 15491279?
2
What is the ten thousands digit of 646810607?
1
What is the millions digit of 194824159?
4
What is the ten thousands digit of 81005547?
0
What is the hundred thousands digit of 568568146?
5
What is the hundreds digit of 35180674?
6
What is the tens digit of 591176649?
4
What is the millions digit of 3499136140?
9
What is the hundreds digit of 5997374372?
3
What is the ten millions digit of 271317107?
7
What is the hundreds digit of 169723341?
3
What is the units digit of 98736157?
7
What is the hundred thousands digit of 632697327?
6
What is the ten millions digit of 1719081939?
1
What is the units digit of 129601541?
1
What is the ten thousands digit of 856077177?
7
What is the millions digit of 16006297?
6
What is the tens digit of 1235018486?
8
What is the thousands digit of 5775225?
5
What is the units digit of 52114885?
5
What is the hundred thousands digit of 107686531?
6
What is the tens digit of 5575760738?
3
What is the millions digit of 22686089?
2
What is the units digit of 741845734?
4
What is the thousands digit of 834177384?
7
What is the ten thousands digit of 133551223?
5
What is the hundred millions digit of 8587951871?
5
What is the ten millions digit of 23677259?
2
What is the thousands digit of 3221949?
1
What is the hundred millions digit of 642257484?
6
What is the hundred millions digit of 170466590?
1
What is the hundred millions digit of 334919768?
3
What is the thousands digit of 1534444337?
4
What is the units digit of 86867987?
7
What is the hundred thousands digit of 30460790?
4
What is the thousands digit of 28649231?
9
What is the units digit of 516329582?
2
What is the tens digit of 662493667?
6
What is the ten thousands digit of 37674335?
7
What is the tens digit of 3228559080?
8
What is the hundreds digit of 584810975?
9
What is the units digit of 352303662?
2
What is the ten millions digit of 227056490?
2
What is the hundreds digit of 103423863?
8
What is the hundreds digit of 2250977426?
4
What is the ten thousands digit of 205636195?
3
What is the tens digit of 829704363?
6
What is the thousands digit of 69124896?
4
What is the units digit of 54621505?
5
What is the ten millions digit of 168410113?
6
What is the millions digit of 1775868864?
5
What is the tens digit of 61578006?
0
What is the thousands digit of 70527711?
7
What is the ten millions digit of 87467103?
8
What is the tens digit of 402184884?
8
What is the thousands digit of 60584971?
4
What is the thousands digit of 71620182?
0
What is the hundred millions digit of 1527289343?
5
What is the units digit of 263814329?
9
What is the units digit of 265580843?
3
What is the tens digit of 1059854177?
7
What is the thousands digit of 390916228?
6
What is the millions digit of 723713496?
3
What is the millions digit of 279008158?
9
What is the tens digit of 5466892678?
7
What is the ten millions digit of 935367371?
3
What is the hundreds digit of 16642485?
4
What is the millions digit of 592261252?
2
What is the ten millions digit of 1885037347?
8
What is the ten millions digit of 349078982?
4
What is the hundred thousands digit of 709912343?
9
What is the thousands digit of 4302832?
2
What is the ten thousands digit of 18575795?
7
What is the hundred thousands digit of 1419434817?
4
What is the ten millions digit of 775002428?
7
What is the hundreds digit of 1441743078?
0
What is the hundred thousands digit of 200219602?
2
What is the ten millions digit of 162981333?
6
What is the hundred thousands digit of 1739051237?
0
What is the hundred millions digit of 2941435315?
9
What is the tens digit of 2229777501?
0
What is the tens digit of 4047165333?
3
What is the thousands digit of 24860208?
0
What is the millions digit of 6549904863?
9
What is the thousands digit of 1196601362?
1
What is the ten thousands digit of 323175409?
7
What is the units digit of 1209721893?
3
What is the ten millions digit of 236153756?
3
What is the tens digit of 29241859?
5
What is the millions digit of 15830585?
5
What is the units digit of 18588315?
5
What is the hundred thousands digit of 586388647?
3
What is the hundreds digit of 68517123?
1
What is the ten thousands digit of 1762886464?
8
What is the thousands digit of 312025464?
5
What is the thousands digit of 201955354?
5
What is the hundreds digit of 53774145?
1
What is the millions digit of 279600406?
9
What is the hundred thousands digit of 320475725?
4
What is the millions digit of 105537576?
5
What is the hundred millions digit of 288288828?
2
What is the ten millions digit of 253798989?
5
What is the thousands digit of 185686264?
6
What is the hundreds digit of 185781457?
4
What is the hundred thousands digit of 192396793?
3
What is the ten thousands digit of 2685209060?
0
What is the millions digit of 228743332?
8
What is the tens digit of 14016465?
6
What is the millions digit of 374855079?
4
What is the hundreds digit of 1164325534?
5
What is the ten millions digit of 480707360?
8
What is the ten millions digit of 28461551?
2
What is the thousands digit of 13184333?
4
What is the ten millions digit of 479797096?
7
What is the ten millions digit of 325245812?
2
What is the units digit of 4203116326?
6
What is the units digit of 547937252?
2
What is the ten thousands digit of 54255697?
5
What is the tens digit of 13645852?
5
What is the hundred thousands digit of 83821580?
8
What is the hundreds digit of 2013785?
7
What is the ten thousands digit of 66906503?
0
What is the hundreds digit of 11194313?
3
What is the ten millions digit of 5074741451?
7
What is the units digit of 3071231377?
7
What is the hundred thousands digit of 163816840?
8
What is the hundred millions digit of 520891023?
5
What is the millions digit of 21712106?
1
What is the tens digit of 46061312?
1
What is the hundred thousands digit of 4409091?
4
What is the units digit of 33896424?
4
What is the hundred thousands digit of 7904562963?
5
What is the billions digit of 1166728648?
1
What is the ten thousands digit of 1598402125?
0
What is the ten thousands digit of 128657661?
5
What is the units digit of 2637989649?
9
What is the hundred thousands digit of 248695292?
6
What is the millions digit of 41183282?
1
What is the millions digit of 109610153?
9
What is the millions digit of 1009458872?
9
What is the mill